{"id":1136,"date":"2012-10-18T21:03:11","date_gmt":"2012-10-18T21:03:11","guid":{"rendered":"http:\/\/www.adismonta.com\/reto\/"},"modified":"2021-06-18T01:43:19","modified_gmt":"2021-06-17T23:43:19","slug":"birding","status":"publish","type":"page","link":"https:\/\/www.adismonta.com\/reto\/birding\/","title":{"rendered":"Birding in Extremadura"},"content":{"rendered":"<p style=\"text-align: right;\">La Comunidad Aut\u00f3noma de Extremadura es considerada una de las regiones europeas con mayor importancia para poder realizar avistamiento de aves y por ello se encuentra entre los destinos tur\u00edsticos m\u00e1s deseados por los aficionados a la ornitolog\u00eda y los ama<a href=\"https:\/\/www.birdinginextremadura.com\/es\/index.html\"><img loading=\"lazy\" decoding=\"async\" class=\"size-medium wp-image-1147 alignleft\" title=\"Birding in Extremadura\" src=\"https:\/\/www.adismonta.com\/reto\/wp-content\/uploads\/2012\/10\/Nueva-imagen1-300x111.jpg\" alt=\"\" width=\"300\" height=\"111\" srcset=\"https:\/\/www.adismonta.com\/reto\/wp-content\/uploads\/2012\/10\/Nueva-imagen1-300x111.jpg 300w, https:\/\/www.adismonta.com\/reto\/wp-content\/uploads\/2012\/10\/Nueva-imagen1-150x55.jpg 150w, https:\/\/www.adismonta.com\/reto\/wp-content\/uploads\/2012\/10\/Nueva-imagen1-400x149.jpg 400w, https:\/\/www.adismonta.com\/reto\/wp-content\/uploads\/2012\/10\/Nueva-imagen1.jpg 829w\" sizes=\"auto, (max-width: 300px) 100vw, 300px\" \/><\/a>ntes de la naturaleza de todo el mundo.&nbsp; Si a la posibilidad de observar un buen n\u00famero de aves en h\u00e1bitats naturales de gran belleza sumamos el interesante patrimonio cultural e hist\u00f3rico extreme\u00f1o, podemos hablar de un verdadero para\u00edso para realizar turismo ornitol\u00f3gico.<\/p>\n<p style=\"text-align: right;\">&nbsp;<\/p>\n<p style=\"text-align: right;\">&nbsp;<\/p>\n<p style=\"text-align: right;\">&nbsp;<\/p>\n<p style=\"text-align: right;\">&nbsp;<\/p>\n<p style=\"text-align: right;\">&nbsp;<\/p>\n","protected":false},"excerpt":{"rendered":"<p style=\"text-align: right;\">La Comunidad Aut\u00f3noma de Extremadura es considerada una de las regiones europeas con mayor importancia para poder realizar avistamiento de aves y por ello se encuentra entre los destinos tur\u00edsticos m\u00e1s deseados por los aficionados a la ornitolog\u00eda y los amantes de la naturaleza de todo el mundo.&nbsp; Si a la posibilidad de observar un buen n\u00famero de aves [Leer mas&#8230;]<\/p>\n","protected":false},"author":2,"featured_media":1145,"parent":0,"menu_order":3,"comment_status":"closed","ping_status":"open","template":"","meta":{"ngg_post_thumbnail":0,"footnotes":""},"class_list":["post-1136","page","type-page","status-publish","has-post-thumbnail","hentry"],"_links":{"self":[{"href":"https:\/\/www.adismonta.com\/reto\/wp-json\/wp\/v2\/pages\/1136","targetHints":{"allow":["GET"]}}],"collection":[{"href":"https:\/\/www.adismonta.com\/reto\/wp-json\/wp\/v2\/pages"}],"about":[{"href":"https:\/\/www.adismonta.com\/reto\/wp-json\/wp\/v2\/types\/page"}],"author":[{"embeddable":true,"href":"https:\/\/www.adismonta.com\/reto\/wp-json\/wp\/v2\/users\/2"}],"replies":[{"embeddable":true,"href":"https:\/\/www.adismonta.com\/reto\/wp-json\/wp\/v2\/comments?post=1136"}],"version-history":[{"count":14,"href":"https:\/\/www.adismonta.com\/reto\/wp-json\/wp\/v2\/pages\/1136\/revisions"}],"predecessor-version":[{"id":1183,"href":"https:\/\/www.adismonta.com\/reto\/wp-json\/wp\/v2\/pages\/1136\/revisions\/1183"}],"wp:featuredmedia":[{"embeddable":true,"href":"https:\/\/www.adismonta.com\/reto\/wp-json\/wp\/v2\/media\/1145"}],"wp:attachment":[{"href":"https:\/\/www.adismonta.com\/reto\/wp-json\/wp\/v2\/media?parent=1136"}],"curies":[{"name":"wp","href":"https:\/\/api.w.org\/{rel}","templated":true}]}}