{"id":24,"date":"2010-09-17T11:02:07","date_gmt":"2010-09-17T11:02:07","guid":{"rendered":"http:\/\/www.adismonta.com\/reto\/"},"modified":"2010-11-11T21:09:18","modified_gmt":"2010-11-11T21:09:18","slug":"invierno","status":"publish","type":"page","link":"https:\/\/www.adismonta.com\/reto\/estaciones\/invierno\/","title":{"rendered":"Invierno"},"content":{"rendered":"<p>Se\u00f1alamos los Rios, embalses y dem\u00e1s zonas humedas como los ecosistemas m\u00e1s interesantes durante el invierno<\/p>\n<p><img loading=\"lazy\" decoding=\"async\" class=\"alignleft size-full wp-image-642\" title=\"Invierno, Zonas Humedas\" src=\"https:\/\/www.adismonta.com\/reto\/wp-content\/uploads\/2010\/09\/invierno-IMG_0040.jpg\" alt=\"Invierno, Zonas Humedas\" width=\"800\" height=\"533\" srcset=\"https:\/\/www.adismonta.com\/reto\/wp-content\/uploads\/2010\/09\/invierno-IMG_0040.jpg 800w, https:\/\/www.adismonta.com\/reto\/wp-content\/uploads\/2010\/09\/invierno-IMG_0040-300x199.jpg 300w, https:\/\/www.adismonta.com\/reto\/wp-content\/uploads\/2010\/09\/invierno-IMG_0040-150x99.jpg 150w, https:\/\/www.adismonta.com\/reto\/wp-content\/uploads\/2010\/09\/invierno-IMG_0040-400x266.jpg 400w\" sizes=\"auto, (max-width: 800px) 100vw, 800px\" \/><\/p>\n<p>El hecho de ser divisoria de cuencas hidrogr\u00e1ficas le confiere una particularidad m\u00e1s. Tenemos aguas que viertes hacia el sur (Guadiana) sobre todo al R\u00edo Aljuc\u00e9n y al R\u00edo B\u00fardalo y aguas que corren hacia el norte al Tajo usando el R\u00edo Tamuja, o el R\u00edo Gibranzos, \u2026 Las caracter\u00edsticas de las dos cuencas son diferentes. Las corrientes que fluyen hacia el Guadiana forman vegas m\u00e1s amplias, sobre todo entorno a Almohar\u00edn (R\u00edo B\u00fardalo), incluso llegando a tener parte de territorio puesto en regad\u00edo a trav\u00e9s del viejo Plan Badajoz. Sin embargo las corrientes que fluye hacia el Tajo hacen honor a su corriente principal y en muchos casos son escarpados terrenos que el agua a horadado en el terreno, lo que dificulta el uso de las m\u00e1rgenes por parte de hombre. Esta dualidad hace que la diversidad sea notable.<br \/>\nPor otro lado no existen grandes masas de agua pero si algunas de cierta importancias como Embalse de Aldea del Cano, Embalse de Valdesalor y pr\u00f3ximamente el Embalse sobre el R\u00edo B\u00fardalo.<br \/>\nTodo estos ingredientes hacen que conocer estas orillas de la comarca nos brinde multitud de buenos y diversos momentos. Dado que la \u00e9poca de invierno en estas tierra es muy suave unido a la presencia del elemento agua, convierte a estos ecosistemas en focos de vida en la esa \u00e9poca, a priori desfavorable (se comprobara que esto no se parece a la realidad). Buena parte de las aves del norte y centro de Europa eligen Extremadura para pasar el invierno, por algo ser\u00e1.<br \/>\nDentro de las aguas embalsadas, en charcas con menos profundidad y con vegetaci\u00f3n flotante podemos encontrar \u00e1reas de nidificaci\u00f3n Zampull\u00edn chico, Somormujo lavanco, Focha com\u00fan, algunas an\u00e1tidas. Pero sobre todo estas zonas h\u00famedas son fundamentales en invierno. Como dormidero tambi\u00e9n se revelan como fundamentales buena parte de estos embalses. Grulla com\u00fan, gaviotas y cormor\u00e1n grande son habituales de estos parajes.<br \/>\nEn los curso de agua lo fundamental y lo que le da sus caracter\u00edsticas, a parte del recurso agua, es la vegetaci\u00f3n asociada. Las especies arb\u00f3reas que m\u00e1s frecuentemente nos encontramos son  fresnos (sobre todo en las del Guadiana), chopos y sauces. En los que es fuerte el estiaje se pueden ver sustituidos por adelfas y tamujos, como sucede sobre todo en los del Tajo. Esta vegetaci\u00f3n acoge a un sin fin de paseriformes como Ruise\u00f1or com\u00fan, Zarcero com\u00fan, P\u00e1jaro mosc\u00f3n, Oropendola, Carricero com\u00fan, Carricero tordal, Ruise\u00f1or bastardo, o Bengal\u00ed rojo.<\/p>\n<p><a href=\"https:\/\/www.adismonta.com\/reto\/que-hacer\/en-invierno\">\u00bfque hacer en invierno?<\/a><\/p>\n","protected":false},"excerpt":{"rendered":"<p>Se\u00f1alamos los Rios, embalses y dem\u00e1s zonas humedas como los ecosistemas m\u00e1s interesantes durante el invierno<\/p>\n<\/p>\n<p>El hecho de ser divisoria de cuencas hidrogr\u00e1ficas le confiere una particularidad m\u00e1s. Tenemos aguas que viertes hacia el sur (Guadiana) sobre todo al R\u00edo Aljuc\u00e9n y al R\u00edo B\u00fardalo y aguas que corren hacia el norte al Tajo usando el R\u00edo Tamuja, o el R\u00edo [Leer mas&#8230;]<\/p>\n","protected":false},"author":1,"featured_media":0,"parent":416,"menu_order":7,"comment_status":"closed","ping_status":"closed","template":"","meta":{"ngg_post_thumbnail":0,"footnotes":""},"class_list":["post-24","page","type-page","status-publish","hentry"],"_links":{"self":[{"href":"https:\/\/www.adismonta.com\/reto\/wp-json\/wp\/v2\/pages\/24","targetHints":{"allow":["GET"]}}],"collection":[{"href":"https:\/\/www.adismonta.com\/reto\/wp-json\/wp\/v2\/pages"}],"about":[{"href":"https:\/\/www.adismonta.com\/reto\/wp-json\/wp\/v2\/types\/page"}],"author":[{"embeddable":true,"href":"https:\/\/www.adismonta.com\/reto\/wp-json\/wp\/v2\/users\/1"}],"replies":[{"embeddable":true,"href":"https:\/\/www.adismonta.com\/reto\/wp-json\/wp\/v2\/comments?post=24"}],"version-history":[{"count":7,"href":"https:\/\/www.adismonta.com\/reto\/wp-json\/wp\/v2\/pages\/24\/revisions"}],"predecessor-version":[{"id":1187,"href":"https:\/\/www.adismonta.com\/reto\/wp-json\/wp\/v2\/pages\/24\/revisions\/1187"}],"up":[{"embeddable":true,"href":"https:\/\/www.adismonta.com\/reto\/wp-json\/wp\/v2\/pages\/416"}],"wp:attachment":[{"href":"https:\/\/www.adismonta.com\/reto\/wp-json\/wp\/v2\/media?parent=24"}],"curies":[{"name":"wp","href":"https:\/\/api.w.org\/{rel}","templated":true}]}}