{"id":26,"date":"2010-09-17T11:02:17","date_gmt":"2010-09-17T11:02:17","guid":{"rendered":"http:\/\/www.adismonta.com\/reto\/"},"modified":"2010-11-11T20:53:00","modified_gmt":"2010-11-11T20:53:00","slug":"primavera","status":"publish","type":"page","link":"https:\/\/www.adismonta.com\/reto\/estaciones\/primavera\/","title":{"rendered":"Primavera"},"content":{"rendered":"<p>Se\u00f1alamos los pastizales y cultivos de secano como los ecosistemas m\u00e1s interesantes durante la primavera<br \/>\n<img loading=\"lazy\" decoding=\"async\" class=\"alignleft size-full wp-image-631\" title=\"Primavera en los Llanos\" src=\"https:\/\/www.adismonta.com\/reto\/wp-content\/uploads\/2010\/09\/primavera_IMG_0078.jpg\" alt=\"Primavera en los Llanos\" width=\"800\" height=\"531\" srcset=\"https:\/\/www.adismonta.com\/reto\/wp-content\/uploads\/2010\/09\/primavera_IMG_0078.jpg 800w, https:\/\/www.adismonta.com\/reto\/wp-content\/uploads\/2010\/09\/primavera_IMG_0078-300x199.jpg 300w, https:\/\/www.adismonta.com\/reto\/wp-content\/uploads\/2010\/09\/primavera_IMG_0078-150x99.jpg 150w, https:\/\/www.adismonta.com\/reto\/wp-content\/uploads\/2010\/09\/primavera_IMG_0078-400x265.jpg 400w\" sizes=\"auto, (max-width: 800px) 100vw, 800px\" \/><\/p>\n<p>Cuando ha desaparecido el arbolado y los matorrales el terreno suele verse ocupado por pastizales o por cultivos donde predominan trigo, cebada o avena. Cuando estas zonas caracter\u00edsticas ocupan extensiones enormes de terreno es lo que se suelen llamar estepas. Vocablo, este \u00faltimo inadecuado ya que estos paisajes no son estepas en sentido estricto. Aunque a la avifauna ligada a estos medios se le suelan denominar aves esteparias. Entre estas especies representativas de los pastizales y cultivos de secano encontramos la Avutarda, Sis\u00f3n, Ganga, Ortega, Alcarav\u00e1n, Aguilucho Cenizo, Carraca,\u2026 a ellos hemos de a\u00f1adir los al\u00e1udidos como Terrera com\u00fan, Cogujadas, Calandria, as\u00ed como Trigueros, Alcaud\u00f3n real, Perdiz roja,\u2026 \tEnte ecosistema que parece dormido en las estaciones extremas (nada cierto) puede revelarse ante el m\u00e1s inexperto aficionado a la naturaleza en la prodigiosa primavera de Extremadura. A la paleta de verdes de gram\u00edneas que inundan la mayor parte de las partes llanas de la comarca se suma el bullir de vida. Violetas, Blancos, Amarillo,\u2026 ocupan hect\u00e1reas de estos terrenos gracias a las flores que irrumpen de forma masiva para mostrar su belleza. Pero si por encima de todo sobre sale algo es el blanco de las \u201cruedas\u201d de las Avutardas. Periodo de celo de esta ave que durante los meses de marzo y abril convierte a estos terrenos en los m\u00e1s interesantes de la comarca.<\/p>\n<p><a href=\"https:\/\/www.adismonta.com\/reto\/que-hacer\/en-primavera\">\u00bfque hacer en primavera?<\/a><\/p>\n","protected":false},"excerpt":{"rendered":"<p>Se\u00f1alamos los pastizales y cultivos de secano como los ecosistemas m\u00e1s interesantes durante la primavera\n<\/p>\n<p>Cuando ha desaparecido el arbolado y los matorrales el terreno suele verse ocupado por pastizales o por cultivos donde predominan trigo, cebada o avena. Cuando estas zonas caracter\u00edsticas ocupan extensiones enormes de terreno es lo que se suelen llamar estepas. Vocablo, este \u00faltimo inadecuado ya que estos [Leer mas&#8230;]<\/p>\n","protected":false},"author":1,"featured_media":0,"parent":416,"menu_order":4,"comment_status":"closed","ping_status":"closed","template":"","meta":{"ngg_post_thumbnail":0,"footnotes":""},"class_list":["post-26","page","type-page","status-publish","hentry"],"_links":{"self":[{"href":"https:\/\/www.adismonta.com\/reto\/wp-json\/wp\/v2\/pages\/26","targetHints":{"allow":["GET"]}}],"collection":[{"href":"https:\/\/www.adismonta.com\/reto\/wp-json\/wp\/v2\/pages"}],"about":[{"href":"https:\/\/www.adismonta.com\/reto\/wp-json\/wp\/v2\/types\/page"}],"author":[{"embeddable":true,"href":"https:\/\/www.adismonta.com\/reto\/wp-json\/wp\/v2\/users\/1"}],"replies":[{"embeddable":true,"href":"https:\/\/www.adismonta.com\/reto\/wp-json\/wp\/v2\/comments?post=26"}],"version-history":[{"count":10,"href":"https:\/\/www.adismonta.com\/reto\/wp-json\/wp\/v2\/pages\/26\/revisions"}],"predecessor-version":[{"id":629,"href":"https:\/\/www.adismonta.com\/reto\/wp-json\/wp\/v2\/pages\/26\/revisions\/629"}],"up":[{"embeddable":true,"href":"https:\/\/www.adismonta.com\/reto\/wp-json\/wp\/v2\/pages\/416"}],"wp:attachment":[{"href":"https:\/\/www.adismonta.com\/reto\/wp-json\/wp\/v2\/media?parent=26"}],"curies":[{"name":"wp","href":"https:\/\/api.w.org\/{rel}","templated":true}]}}

<p>Señalamos los pastizales y cultivos de secano como los ecosistemas más interesantes durante la primavera<br />
<img loading="lazy" decoding="async" class="alignleft size-full wp-image-631" title="Primavera en los Llanos" src="https://www.adismonta.com/reto/wp-content/uploads/2010/09/primavera_IMG_0078.jpg" alt="Primavera en los Llanos" width="800" height="531" srcset="https://www.adismonta.com/reto/wp-content/uploads/2010/09/primavera_IMG_0078.jpg 800w, https://www.adismonta.com/reto/wp-content/uploads/2010/09/primavera_IMG_0078-300x199.jpg 300w, https://www.adismonta.com/reto/wp-content/uploads/2010/09/primavera_IMG_0078-150x99.jpg 150w, https://www.adismonta.com/reto/wp-content/uploads/2010/09/primavera_IMG_0078-400x265.jpg 400w" sizes="auto, (max-width: 800px) 100vw, 800px" /></p>
<p>Cuando ha desaparecido el arbolado y los matorrales el terreno suele verse ocupado por pastizales o por cultivos donde predominan trigo, cebada o avena. Cuando estas zonas características ocupan extensiones enormes de terreno es lo que se suelen llamar estepas. Vocablo, este último inadecuado ya que estos paisajes no son estepas en sentido estricto. Aunque a la avifauna ligada a estos medios se le suelan denominar aves esteparias. Entre estas especies representativas de los pastizales y cultivos de secano encontramos la Avutarda, Sisón, Ganga, Ortega, Alcaraván, Aguilucho Cenizo, Carraca,… a ellos hemos de añadir los aláudidos como Terrera común, Cogujadas, Calandria, así como Trigueros, Alcaudón real, Perdiz roja,… 	Ente ecosistema que parece dormido en las estaciones extremas (nada cierto) puede revelarse ante el más inexperto aficionado a la naturaleza en la prodigiosa primavera de Extremadura. A la paleta de verdes de gramíneas que inundan la mayor parte de las partes llanas de la comarca se suma el bullir de vida. Violetas, Blancos, Amarillo,… ocupan hectáreas de estos terrenos gracias a las flores que irrumpen de forma masiva para mostrar su belleza. Pero si por encima de todo sobre sale algo es el blanco de las “ruedas” de las Avutardas. Periodo de celo de esta ave que durante los meses de marzo y abril convierte a estos terrenos en los más interesantes de la comarca.</p>
<p><a href="https://www.adismonta.com/reto/que-hacer/en-primavera">¿que hacer en primavera?</a></p>

<p>Señalamos los pastizales y cultivos de secano como los ecosistemas más interesantes durante la primavera
</p>
<p>Cuando ha desaparecido el arbolado y los matorrales el terreno suele verse ocupado por pastizales o por cultivos donde predominan trigo, cebada o avena. Cuando estas zonas características ocupan extensiones enormes de terreno es lo que se suelen llamar estepas. Vocablo, este último inadecuado ya que estos [Leer mas&#8230;]</p>
