{"id":416,"date":"2010-11-04T17:11:19","date_gmt":"2010-11-04T17:11:19","guid":{"rendered":"http:\/\/www.adismonta.com\/reto\/"},"modified":"2010-11-20T14:09:40","modified_gmt":"2010-11-20T14:09:40","slug":"estaciones","status":"publish","type":"page","link":"https:\/\/www.adismonta.com\/reto\/","title":{"rendered":"Estaciones"},"content":{"rendered":"<div id=\"portada\">\n<a href=\"\/reto\/estaciones\/otono\" id=\"otono\"><\/a><a href=\"\/reto\/estaciones\/invierno\" id=\"invierno\"><\/a><a href=\"\/reto\/estaciones\/verano\" id=\"verano\"><\/a><a href=\"\/reto\/estaciones\/primavera\" id=\"primavera\"><\/a>\n<\/div>\n<p>Un recorrido por 4 ecosistemas dentro de la Comarca. Un paseo de sur a norte nos permitir\u00e1 disfrutar de bosques de centenarios robles, productivas dehesas, calmados llanos de pastos y cereales y hermosos riberos. En pocos territorios Extreme\u00f1os podemos disfrutar de tal diversidad en tan pocos kil\u00f3metros. 4 Ecosistema que nos brinda la posibilidad de visitar en las 4 estaciones del a\u00f1o, ya que en todas ella habr\u00e1 alg\u00fan elemento destacado.<\/p>\n<p>Espera que carge el zoom, luego, pasa el rat\u00f3n por encima de la foto y usa la rueda para m\u00e1s comodidad<\/p>\n<p><img loading=\"lazy\" decoding=\"async\" class=\"dwzoom  alignleft size-full wp-image-644\" title=\"Ecosistemas\" src=\"https:\/\/www.adismonta.com\/reto\/wp-content\/uploads\/2010\/11\/Ecosistemas.jpg\" alt=\"Ecosistemas\" width=\"896\" height=\"707\" srcset=\"https:\/\/www.adismonta.com\/reto\/wp-content\/uploads\/2010\/11\/Ecosistemas.jpg 896w, https:\/\/www.adismonta.com\/reto\/wp-content\/uploads\/2010\/11\/Ecosistemas-300x236.jpg 300w, https:\/\/www.adismonta.com\/reto\/wp-content\/uploads\/2010\/11\/Ecosistemas-150x118.jpg 150w, https:\/\/www.adismonta.com\/reto\/wp-content\/uploads\/2010\/11\/Ecosistemas-400x315.jpg 400w\" sizes=\"auto, (max-width: 896px) 100vw, 896px\" \/><\/p>\n<p>Te invitamos a hacer click en cualquiera de las 4 estaciones para concer lo que pueden ofrecerte.<\/p>\n<table style=\"height: 118px;\" width=\"442\">\n<tbody>\n<tr>\n<td><a title=\"Primavera\" href=\"https:\/\/www.adismonta.com\/reto\/estaciones\/primavera\/\"><img loading=\"lazy\" decoding=\"async\" class=\"alignleft size-full wp-image-438\" title=\"Primavera\" src=\"https:\/\/www.adismonta.com\/reto\/wp-content\/uploads\/2010\/11\/EST_primavera.jpg\" alt=\"Enlace a primavera\" width=\"400\" height=\"73\" srcset=\"https:\/\/www.adismonta.com\/reto\/wp-content\/uploads\/2010\/11\/EST_primavera.jpg 400w, https:\/\/www.adismonta.com\/reto\/wp-content\/uploads\/2010\/11\/EST_primavera-300x54.jpg 300w, https:\/\/www.adismonta.com\/reto\/wp-content\/uploads\/2010\/11\/EST_primavera-150x27.jpg 150w\" sizes=\"auto, (max-width: 400px) 100vw, 400px\" \/><\/a><\/td>\n<\/tr>\n<tr>\n<td><a href=\"https:\/\/www.adismonta.com\/reto\/estaciones\/verano\/\"><img loading=\"lazy\" decoding=\"async\" class=\"size-full wp-image-440 alignright\" title=\"Verano\" src=\"https:\/\/www.adismonta.com\/reto\/wp-content\/uploads\/2010\/11\/EST_.veranojpg.jpg\" alt=\"Enlace a Verano\" width=\"400\" height=\"73\" srcset=\"https:\/\/www.adismonta.com\/reto\/wp-content\/uploads\/2010\/11\/EST_.veranojpg.jpg 400w, https:\/\/www.adismonta.com\/reto\/wp-content\/uploads\/2010\/11\/EST_.veranojpg-300x54.jpg 300w, https:\/\/www.adismonta.com\/reto\/wp-content\/uploads\/2010\/11\/EST_.veranojpg-150x27.jpg 150w\" sizes=\"auto, (max-width: 400px) 100vw, 400px\" \/><\/a><\/td>\n<\/tr>\n<tr>\n<td><a href=\"https:\/\/www.adismonta.com\/reto\/estaciones\/otono\/\"><img loading=\"lazy\" decoding=\"async\" class=\"alignleft size-full wp-image-437\" title=\"Oto\u00f1o\" src=\"https:\/\/www.adismonta.com\/reto\/wp-content\/uploads\/2010\/11\/EST_otono.jpg\" alt=\"Oto\u00f1o\" width=\"400\" height=\"73\" srcset=\"https:\/\/www.adismonta.com\/reto\/wp-content\/uploads\/2010\/11\/EST_otono.jpg 400w, https:\/\/www.adismonta.com\/reto\/wp-content\/uploads\/2010\/11\/EST_otono-300x54.jpg 300w, https:\/\/www.adismonta.com\/reto\/wp-content\/uploads\/2010\/11\/EST_otono-150x27.jpg 150w\" sizes=\"auto, (max-width: 400px) 100vw, 400px\" \/><\/a><\/td>\n<\/tr>\n<tr>\n<td><a href=\"https:\/\/www.adismonta.com\/reto\/estaciones\/invierno\/\"><img loading=\"lazy\" decoding=\"async\" class=\"size-full wp-image-439 alignright\" title=\"Invierno\" src=\"https:\/\/www.adismonta.com\/reto\/wp-content\/uploads\/2010\/11\/EST_invierno.jpg\" alt=\"Invierno\" width=\"400\" height=\"73\" srcset=\"https:\/\/www.adismonta.com\/reto\/wp-content\/uploads\/2010\/11\/EST_invierno.jpg 400w, https:\/\/www.adismonta.com\/reto\/wp-content\/uploads\/2010\/11\/EST_invierno-300x54.jpg 300w, https:\/\/www.adismonta.com\/reto\/wp-content\/uploads\/2010\/11\/EST_invierno-150x27.jpg 150w\" sizes=\"auto, (max-width: 400px) 100vw, 400px\" \/><\/a><\/td>\n<\/tr>\n<\/tbody>\n<\/table>\n","protected":false},"excerpt":{"rendered":"<p>Un recorrido por 4 ecosistemas dentro de la Comarca. Un paseo de sur a norte nos permitir\u00e1 disfrutar de bosques de centenarios robles, productivas dehesas, calmados llanos de pastos y cereales y hermosos riberos. En pocos territorios Extreme\u00f1os podemos disfrutar de tal diversidad en tan pocos kil\u00f3metros. 4 Ecosistema que nos brinda la posibilidad de visitar en las 4 estaciones del [Leer mas&#8230;]<\/p>\n","protected":false},"author":1,"featured_media":0,"parent":0,"menu_order":2,"comment_status":"closed","ping_status":"open","template":"","meta":{"ngg_post_thumbnail":0,"footnotes":""},"class_list":["post-416","page","type-page","status-publish","hentry"],"_links":{"self":[{"href":"https:\/\/www.adismonta.com\/reto\/wp-json\/wp\/v2\/pages\/416","targetHints":{"allow":["GET"]}}],"collection":[{"href":"https:\/\/www.adismonta.com\/reto\/wp-json\/wp\/v2\/pages"}],"about":[{"href":"https:\/\/www.adismonta.com\/reto\/wp-json\/wp\/v2\/types\/page"}],"author":[{"embeddable":true,"href":"https:\/\/www.adismonta.com\/reto\/wp-json\/wp\/v2\/users\/1"}],"replies":[{"embeddable":true,"href":"https:\/\/www.adismonta.com\/reto\/wp-json\/wp\/v2\/comments?post=416"}],"version-history":[{"count":13,"href":"https:\/\/www.adismonta.com\/reto\/wp-json\/wp\/v2\/pages\/416\/revisions"}],"predecessor-version":[{"id":1185,"href":"https:\/\/www.adismonta.com\/reto\/wp-json\/wp\/v2\/pages\/416\/revisions\/1185"}],"wp:attachment":[{"href":"https:\/\/www.adismonta.com\/reto\/wp-json\/wp\/v2\/media?parent=416"}],"curies":[{"name":"wp","href":"https:\/\/api.w.org\/{rel}","templated":true}]}}