{"id":597,"date":"2010-11-06T16:17:40","date_gmt":"2010-11-06T16:17:40","guid":{"rendered":"http:\/\/www.adismonta.com\/reto\/"},"modified":"2012-04-26T16:29:01","modified_gmt":"2012-04-26T16:29:01","slug":"iba","status":"publish","type":"page","link":"https:\/\/www.adismonta.com\/reto\/iba\/","title":{"rendered":"IBA"},"content":{"rendered":"<p><a href=\"https:\/\/www.adismonta.com\/reto\/wp-content\/uploads\/2010\/11\/ibas.jpg\"><img loading=\"lazy\" decoding=\"async\" class=\"alignleft size-medium wp-image-1028\" title=\"ibas\" src=\"https:\/\/www.adismonta.com\/reto\/wp-content\/uploads\/2010\/11\/ibas-300x241.jpg\" alt=\"\" width=\"300\" height=\"241\" srcset=\"https:\/\/www.adismonta.com\/reto\/wp-content\/uploads\/2010\/11\/ibas-300x241.jpg 300w, https:\/\/www.adismonta.com\/reto\/wp-content\/uploads\/2010\/11\/ibas-150x120.jpg 150w, https:\/\/www.adismonta.com\/reto\/wp-content\/uploads\/2010\/11\/ibas-400x322.jpg 400w, https:\/\/www.adismonta.com\/reto\/wp-content\/uploads\/2010\/11\/ibas.jpg 559w\" sizes=\"auto, (max-width: 300px) 100vw, 300px\" \/><\/a>Si bien la comarca se define desde el punto de vista de la riqueza ornitol\u00f3gica por la existencia de las 5 ZEPA, no es menos cierto que son figuras de protecci\u00f3n que algunas veces se quedan cortas al representar los \u201cmeritos\u201d de un territorio en ese aspecto. Por ello es siempre interesante hacer un menci\u00f3n especial a las IBAs (Important Bird Areas)*, ya que es un figura cient\u00edfica** y no administrativa, lo que ayudar\u00e1 a conocer mejor la zona a los aficionados a las aves. <a href=\"http:\/\/www.seo.org\/ibas.cfm\">http:\/\/www.seo.org\/ibas.cfm<\/a> <a href=\"http:\/\/www.birdlife.org\/action\/science\/sites\/index.html\">http:\/\/www.birdlife.org\/action\/science\/sites\/index.html<\/a> <a href=\"http:\/\/www.rspb.org.uk\/ourwork\/science\/datazone\/iba.aspx\">http:\/\/www.rspb.org.uk\/ourwork\/science\/datazone\/iba.aspx<\/a> Es l\u00f3gico pensar, que no solo de Espacios Protegidos vive el hombre aficionado a la observaci\u00f3n de aves y naturaleza. Puede parecer evidente que los cada vez m\u00e1s amplios espacios que comprende la red de espacios naturales protegidos de Extremadura y los que componen la Red Natura 2000 (\u00c1reas Protegidas) deben albergar la mayor riqueza en aves de la comarca. Pero podemos afirmar que existen lugares importantes para las aves adem\u00e1s de los englobados en los espacios con alg\u00fan tipo de protecci\u00f3n, en determinados casos incluso m\u00e1s interesantes para el aficionado a las aves. El hecho de no \u201cdisfrutar\u201d de una figura de protecci\u00f3n no reduce la riqueza ornitol\u00f3gica de estos lugares. La mejor forma de ver esto es acudir a las IBA\u00b4s (Important Bird Areas). <em>\u201c\u2026Estas \u00c1reas Importantes para las aves son aquellas zonas en las que se encuentran presentes regularmente una parte significativa de la poblaci\u00f3n de una o varias especies de aves consideradas prioritarias por Birdlife. Las \u00e1reas se seleccionan de manera que juntas forman una red en toda la zona de distribuci\u00f3n biogeogr\u00e1fica de cada especie prioritaria \u2026\u201d <\/em>Viada, C.(1998) Se trata de un programa de conservaci\u00f3n de Birdlife para identificar las \u00e1reas prioritarias para las especies m\u00e1s amenazadas y promueve actuaciones para su conservaci\u00f3n. Como vemos en el mapa en la comarca tenemos parte de algunas de las m\u00e1s interesantes de Extremadura. Se trata de un gran complemento a los espacios protegidos para poder tener una visi\u00f3n m\u00e1s intensa de la riqueza en recursos naturales, sobretodo aves.<\/p>\n","protected":false},"excerpt":{"rendered":"<p>Si bien la comarca se define desde el punto de vista de la riqueza ornitol\u00f3gica por la existencia de las 5 ZEPA, no es menos cierto que son figuras de protecci\u00f3n que algunas veces se quedan cortas al representar los \u201cmeritos\u201d de un territorio en ese aspecto. Por ello es siempre interesante hacer un menci\u00f3n especial a las IBAs (Important Bird [Leer mas&#8230;]<\/p>\n","protected":false},"author":1,"featured_media":1028,"parent":0,"menu_order":0,"comment_status":"closed","ping_status":"open","template":"","meta":{"ngg_post_thumbnail":0,"footnotes":""},"class_list":["post-597","page","type-page","status-publish","has-post-thumbnail","hentry"],"_links":{"self":[{"href":"https:\/\/www.adismonta.com\/reto\/wp-json\/wp\/v2\/pages\/597","targetHints":{"allow":["GET"]}}],"collection":[{"href":"https:\/\/www.adismonta.com\/reto\/wp-json\/wp\/v2\/pages"}],"about":[{"href":"https:\/\/www.adismonta.com\/reto\/wp-json\/wp\/v2\/types\/page"}],"author":[{"embeddable":true,"href":"https:\/\/www.adismonta.com\/reto\/wp-json\/wp\/v2\/users\/1"}],"replies":[{"embeddable":true,"href":"https:\/\/www.adismonta.com\/reto\/wp-json\/wp\/v2\/comments?post=597"}],"version-history":[{"count":8,"href":"https:\/\/www.adismonta.com\/reto\/wp-json\/wp\/v2\/pages\/597\/revisions"}],"predecessor-version":[{"id":599,"href":"https:\/\/www.adismonta.com\/reto\/wp-json\/wp\/v2\/pages\/597\/revisions\/599"}],"wp:featuredmedia":[{"embeddable":true,"href":"https:\/\/www.adismonta.com\/reto\/wp-json\/wp\/v2\/media\/1028"}],"wp:attachment":[{"href":"https:\/\/www.adismonta.com\/reto\/wp-json\/wp\/v2\/media?parent=597"}],"curies":[{"name":"wp","href":"https:\/\/api.w.org\/{rel}","templated":true}]}}