{"id":647,"date":"2010-11-10T15:34:14","date_gmt":"2010-11-10T15:34:14","guid":{"rendered":"http:\/\/www.adismonta.com\/reto\/"},"modified":"2012-04-26T16:42:31","modified_gmt":"2012-04-26T16:42:31","slug":"grullas","status":"publish","type":"page","link":"https:\/\/www.adismonta.com\/reto\/grullas\/","title":{"rendered":"Grullas"},"content":{"rendered":"<p><a href=\"https:\/\/www.adismonta.com\/reto\/wp-content\/uploads\/2010\/11\/Grullas1.jpg\"><img loading=\"lazy\" decoding=\"async\" class=\"alignleft size-medium wp-image-1031\" title=\"Grullas\" src=\"https:\/\/www.adismonta.com\/reto\/wp-content\/uploads\/2010\/11\/Grullas1-279x300.jpg\" alt=\"\" width=\"279\" height=\"300\" srcset=\"https:\/\/www.adismonta.com\/reto\/wp-content\/uploads\/2010\/11\/Grullas1-279x300.jpg 279w, https:\/\/www.adismonta.com\/reto\/wp-content\/uploads\/2010\/11\/Grullas1-139x150.jpg 139w, https:\/\/www.adismonta.com\/reto\/wp-content\/uploads\/2010\/11\/Grullas1-400x429.jpg 400w, https:\/\/www.adismonta.com\/reto\/wp-content\/uploads\/2010\/11\/Grullas1.jpg 914w\" sizes=\"auto, (max-width: 279px) 100vw, 279px\" \/><\/a><\/p>\n<p><a href=\"https:\/\/www.adismonta.com\/reto\/wp-content\/uploads\/2010\/11\/grullaimg_2219.jpg\"><img loading=\"lazy\" decoding=\"async\" class=\"size-medium wp-image-655 alignright\" title=\"grullaimg_2219\" src=\"https:\/\/www.adismonta.com\/reto\/wp-content\/uploads\/2010\/11\/grullaimg_2219-300x225.jpg\" alt=\"\" width=\"300\" height=\"225\" srcset=\"https:\/\/www.adismonta.com\/reto\/wp-content\/uploads\/2010\/11\/grullaimg_2219-300x225.jpg 300w, https:\/\/www.adismonta.com\/reto\/wp-content\/uploads\/2010\/11\/grullaimg_2219-150x112.jpg 150w, https:\/\/www.adismonta.com\/reto\/wp-content\/uploads\/2010\/11\/grullaimg_2219-400x300.jpg 400w, https:\/\/www.adismonta.com\/reto\/wp-content\/uploads\/2010\/11\/grullaimg_2219.jpg 639w\" sizes=\"auto, (max-width: 300px) 100vw, 300px\" \/><\/a>Esta emblem\u00e1tica ave de tama\u00f1o grande y silueta estilizada, con cuello y patas muy largas, plumaje gris\u00e1ceo y una longitud 114-130 cm y envergadura 200-230 cm es una de las habitantes temporales de la comarca Sierra de Montanchez y Tamuja. En general se estima que la poblaci\u00f3n invernante en Extremadura ronda los 80.000 animales, constat\u00e1ndose un progresivo aumento en la mayor parte de los n\u00facleos. Esta ave presenta una amplia distribuci\u00f3n durante el invierno en Extremadura, procedentes de Alemania, Suecia, Finlandia, Noruega y Estonia, as\u00ed como del resto de pa\u00edses que circundan el Mar B\u00e1ltico e incluso de las \u00e1reas m\u00e1s occidentales de Rusia. La posibilidad de encontrar abundante alimento en extensas zonas donde se combinan dehesas con cultivos de cereal y de regad\u00edo, unido a la existencia de numerosas zonas h\u00famedas donde establecer sus dormideros y a las temperaturas moderadas del invierno extreme\u00f1o (entre 5\u00ba y 20\u00ba C), proporcionan a estas aves un h\u00e1bitat \u00f3ptimo para pasar los meses invernales.<br \/>\nSe alimentan en las dehesas donde consumen principalmente bellotas de encina, en los cultivos de cereal de secano las semillas de trigo, cebada y avena, mientras que en los rastrojos de regad\u00edo buscan las semillas de arroz y ma\u00edz. Pueden consumir bulbos de especies silvestres, tub\u00e9rculos, tallos y brotes de herb\u00e1ceas y de cereal, peque\u00f1os invertebrados, etc.<br \/>\nLa llegada de las grullas ocurre principalmente durante la segunda quincena de octubre, increment\u00e1ndose progresivamente. En su estancia entre nosotros mantienen rutinas muy marcadas, desplaz\u00e1ndose a los comederos durante el d\u00eda y volando al final de la jornada a los d<a href=\"https:\/\/www.adismonta.com\/reto\/wp-content\/uploads\/2010\/11\/grullagrullas4.jpg\"><img loading=\"lazy\" decoding=\"async\" class=\"alignleft size-medium wp-image-656\" title=\"grullagrullas4\" src=\"https:\/\/www.adismonta.com\/reto\/wp-content\/uploads\/2010\/11\/grullagrullas4-300x199.jpg\" alt=\"\" width=\"300\" height=\"199\" srcset=\"https:\/\/www.adismonta.com\/reto\/wp-content\/uploads\/2010\/11\/grullagrullas4-300x199.jpg 300w, https:\/\/www.adismonta.com\/reto\/wp-content\/uploads\/2010\/11\/grullagrullas4-150x99.jpg 150w, https:\/\/www.adismonta.com\/reto\/wp-content\/uploads\/2010\/11\/grullagrullas4-400x266.jpg 400w, https:\/\/www.adismonta.com\/reto\/wp-content\/uploads\/2010\/11\/grullagrullas4.jpg 800w\" sizes=\"auto, (max-width: 300px) 100vw, 300px\" \/><\/a>ormideros comunales, donde pueden llegar a concentrarse miles de aves. Dentro de la comarca existen zonas buenas para estas aves en el sur, en las zonas de regad\u00edos cercanas a Almohar\u00edn, lim\u00edtrofe ya con las vegas altas del Guadiana (Sector Centro). Aunque el principal territorio para disfrutar de estas aves en ADISMONTA es el denominado Sector C\u00e1ceres, cuyo n\u00facleo principal es Aldea del Cano. Este n\u00facleo se localiza entre las localidades de Valdesalor y Aldea del Cano (principalmente al oeste de la antigua N-630). No existen dormideros muy definidos y varian sus movimientos en funci\u00f3n de las condiciones que se den cada a\u00f1o (lluvias, disponibilidad de alimento). Suelen ocupar charcas, peque\u00f1o embalses o incluso orillas en los r\u00edos Salor y Ayuela. Un sitio interesante es el Embalse de Aldea del Cano. La poblaci\u00f3n de este sector var\u00eda de 2.500 a 3.500 aves. Para verlas lo mejor es hacer un recorrido desde Valdesalor hasta el Embalse de Aldea del Cano.<\/p>\n","protected":false},"excerpt":{"rendered":"<\/p>\n<p>Esta emblem\u00e1tica ave de tama\u00f1o grande y silueta estilizada, con cuello y patas muy largas, plumaje gris\u00e1ceo y una longitud 114-130 cm y envergadura 200-230 cm es una de las habitantes temporales de la comarca Sierra de Montanchez y Tamuja. En general se estima que la poblaci\u00f3n invernante en Extremadura ronda los 80.000 animales, constat\u00e1ndose un progresivo aumento en la mayor [Leer mas&#8230;]<\/p>\n","protected":false},"author":1,"featured_media":0,"parent":0,"menu_order":0,"comment_status":"closed","ping_status":"open","template":"","meta":{"ngg_post_thumbnail":0,"footnotes":""},"class_list":["post-647","page","type-page","status-publish","hentry"],"_links":{"self":[{"href":"https:\/\/www.adismonta.com\/reto\/wp-json\/wp\/v2\/pages\/647","targetHints":{"allow":["GET"]}}],"collection":[{"href":"https:\/\/www.adismonta.com\/reto\/wp-json\/wp\/v2\/pages"}],"about":[{"href":"https:\/\/www.adismonta.com\/reto\/wp-json\/wp\/v2\/types\/page"}],"author":[{"embeddable":true,"href":"https:\/\/www.adismonta.com\/reto\/wp-json\/wp\/v2\/users\/1"}],"replies":[{"embeddable":true,"href":"https:\/\/www.adismonta.com\/reto\/wp-json\/wp\/v2\/comments?post=647"}],"version-history":[{"count":8,"href":"https:\/\/www.adismonta.com\/reto\/wp-json\/wp\/v2\/pages\/647\/revisions"}],"predecessor-version":[{"id":1032,"href":"https:\/\/www.adismonta.com\/reto\/wp-json\/wp\/v2\/pages\/647\/revisions\/1032"}],"wp:attachment":[{"href":"https:\/\/www.adismonta.com\/reto\/wp-json\/wp\/v2\/media?parent=647"}],"curies":[{"name":"wp","href":"https:\/\/api.w.org\/{rel}","templated":true}]}}

<p><a href="https://www.adismonta.com/reto/wp-content/uploads/2010/11/Grullas1.jpg"><img loading="lazy" decoding="async" class="alignleft size-medium wp-image-1031" title="Grullas" src="https://www.adismonta.com/reto/wp-content/uploads/2010/11/Grullas1-279x300.jpg" alt="" width="279" height="300" srcset="https://www.adismonta.com/reto/wp-content/uploads/2010/11/Grullas1-279x300.jpg 279w, https://www.adismonta.com/reto/wp-content/uploads/2010/11/Grullas1-139x150.jpg 139w, https://www.adismonta.com/reto/wp-content/uploads/2010/11/Grullas1-400x429.jpg 400w, https://www.adismonta.com/reto/wp-content/uploads/2010/11/Grullas1.jpg 914w" sizes="auto, (max-width: 279px) 100vw, 279px" /></a></p>
<p><a href="https://www.adismonta.com/reto/wp-content/uploads/2010/11/grullaimg_2219.jpg"><img loading="lazy" decoding="async" class="size-medium wp-image-655 alignright" title="grullaimg_2219" src="https://www.adismonta.com/reto/wp-content/uploads/2010/11/grullaimg_2219-300x225.jpg" alt="" width="300" height="225" srcset="https://www.adismonta.com/reto/wp-content/uploads/2010/11/grullaimg_2219-300x225.jpg 300w, https://www.adismonta.com/reto/wp-content/uploads/2010/11/grullaimg_2219-150x112.jpg 150w, https://www.adismonta.com/reto/wp-content/uploads/2010/11/grullaimg_2219-400x300.jpg 400w, https://www.adismonta.com/reto/wp-content/uploads/2010/11/grullaimg_2219.jpg 639w" sizes="auto, (max-width: 300px) 100vw, 300px" /></a>Esta emblemática ave de tamaño grande y silueta estilizada, con cuello y patas muy largas, plumaje grisáceo y una longitud 114-130 cm y envergadura 200-230 cm es una de las habitantes temporales de la comarca Sierra de Montanchez y Tamuja. En general se estima que la población invernante en Extremadura ronda los 80.000 animales, constatándose un progresivo aumento en la mayor parte de los núcleos. Esta ave presenta una amplia distribución durante el invierno en Extremadura, procedentes de Alemania, Suecia, Finlandia, Noruega y Estonia, así como del resto de países que circundan el Mar Báltico e incluso de las áreas más occidentales de Rusia. La posibilidad de encontrar abundante alimento en extensas zonas donde se combinan dehesas con cultivos de cereal y de regadío, unido a la existencia de numerosas zonas húmedas donde establecer sus dormideros y a las temperaturas moderadas del invierno extremeño (entre 5º y 20º C), proporcionan a estas aves un hábitat óptimo para pasar los meses invernales.<br />
Se alimentan en las dehesas donde consumen principalmente bellotas de encina, en los cultivos de cereal de secano las semillas de trigo, cebada y avena, mientras que en los rastrojos de regadío buscan las semillas de arroz y maíz. Pueden consumir bulbos de especies silvestres, tubérculos, tallos y brotes de herbáceas y de cereal, pequeños invertebrados, etc.<br />
La llegada de las grullas ocurre principalmente durante la segunda quincena de octubre, incrementándose progresivamente. En su estancia entre nosotros mantienen rutinas muy marcadas, desplazándose a los comederos durante el día y volando al final de la jornada a los d<a href="https://www.adismonta.com/reto/wp-content/uploads/2010/11/grullagrullas4.jpg"><img loading="lazy" decoding="async" class="alignleft size-medium wp-image-656" title="grullagrullas4" src="https://www.adismonta.com/reto/wp-content/uploads/2010/11/grullagrullas4-300x199.jpg" alt="" width="300" height="199" srcset="https://www.adismonta.com/reto/wp-content/uploads/2010/11/grullagrullas4-300x199.jpg 300w, https://www.adismonta.com/reto/wp-content/uploads/2010/11/grullagrullas4-150x99.jpg 150w, https://www.adismonta.com/reto/wp-content/uploads/2010/11/grullagrullas4-400x266.jpg 400w, https://www.adismonta.com/reto/wp-content/uploads/2010/11/grullagrullas4.jpg 800w" sizes="auto, (max-width: 300px) 100vw, 300px" /></a>ormideros comunales, donde pueden llegar a concentrarse miles de aves. Dentro de la comarca existen zonas buenas para estas aves en el sur, en las zonas de regadíos cercanas a Almoharín, limítrofe ya con las vegas altas del Guadiana (Sector Centro). Aunque el principal territorio para disfrutar de estas aves en ADISMONTA es el denominado Sector Cáceres, cuyo núcleo principal es Aldea del Cano. Este núcleo se localiza entre las localidades de Valdesalor y Aldea del Cano (principalmente al oeste de la antigua N-630). No existen dormideros muy definidos y varian sus movimientos en función de las condiciones que se den cada año (lluvias, disponibilidad de alimento). Suelen ocupar charcas, pequeño embalses o incluso orillas en los ríos Salor y Ayuela. Un sitio interesante es el Embalse de Aldea del Cano. La población de este sector varía de 2.500 a 3.500 aves. Para verlas lo mejor es hacer un recorrido desde Valdesalor hasta el Embalse de Aldea del Cano.</p>

</p>
<p>Esta emblemática ave de tamaño grande y silueta estilizada, con cuello y patas muy largas, plumaje grisáceo y una longitud 114-130 cm y envergadura 200-230 cm es una de las habitantes temporales de la comarca Sierra de Montanchez y Tamuja. En general se estima que la población invernante en Extremadura ronda los 80.000 animales, constatándose un progresivo aumento en la mayor [Leer mas&#8230;]</p>
